me factors of 123864?
2, 3, 13, 397
List the prime factors of 465.
3, 5, 31
What are the prime factors of 191879?
17, 11287
What are the prime factors of 20891?
13, 1607
List the prime factors of 2286.
2, 3, 127
List the prime factors of 57398.
2, 11, 2609
What are the prime factors of 2881?
43, 67
List the prime factors of 440.
2, 5, 11
What are the prime factors of 31856?
2, 11, 181
List the prime factors of 27613.
53, 521
What are the prime factors of 108032?
2, 211
List the prime factors of 747.
3, 83
List the prime factors of 3990.
2, 3, 5, 7, 19
List the prime factors of 3645.
3, 5
What are the prime factors of 142514?
2, 71257
List the prime factors of 55.
5, 11
List the prime factors of 310.
2, 5, 31
List the prime factors of 2718.
2, 3, 151
List the prime factors of 1641.
3, 547
List the prime factors of 23940.
2, 3, 5, 7, 19
What are the prime factors of 34396?
2, 8599
What are the prime factors of 42467?
42467
List the prime factors of 5827.
5827
List the prime factors of 11666.
2, 19, 307
List the prime factors of 16851.
3, 41, 137
List the prime factors of 8315.
5, 1663
What are the prime factors of 19916?
2, 13, 383
List the prime factors of 1497.
3, 499
List the prime factors of 51184.
2, 7, 457
List the prime factors of 21584.
2, 19, 71
List the prime factors of 923.
13, 71
List the prime factors of 651.
3, 7, 31
What are the prime factors of 4674?
2, 3, 19, 41
List the prime factors of 9726.
2, 3, 1621
List the prime factors of 209.
11, 19
What are the prime factors of 6945?
3, 5, 463
What are the prime factors of 532?
2, 7, 19
What are the prime factors of 90280?
2, 5, 37, 61
What are the prime factors of 2276?
2, 569
List the prime factors of 1771.
7, 11, 23
What are the prime factors of 15302?
2, 7, 1093
List the prime factors of 2001.
3, 23, 29
List the prime factors of 38287.
38287
What are the prime factors of 49060?
2, 5, 11, 223
What are the prime factors of 170?
2, 5, 17
What are the prime factors of 127?
127
List the prime factors of 14568.
2, 3, 607
List the prime factors of 668.
2, 167
List the prime factors of 15864.
2, 3, 661
What are the prime factors of 13653?
3, 37, 41
What are the prime factors of 12888?
2, 3, 179
What are the prime factors of 7165?
5, 1433
List the prime factors of 21238.
2, 7, 37, 41
What are the prime factors of 13647?
3, 4549
What are the prime factors of 15540?
2, 3, 5, 7, 37
What are the prime factors of 45714?
2, 3, 19, 401
List the prime factors of 17361.
3, 643
List the prime factors of 4173.
3, 13, 107
What are the prime factors of 22205?
5, 4441
List the prime factors of 60137.
7, 11, 71
What are the prime factors of 3544?
2, 443
List the prime factors of 1037.
17, 61
What are the prime factors of 3099?
3, 1033
What are the prime factors of 40384?
2, 631
What are the prime factors of 10249?
37, 277
List the prime factors of 1157.
13, 89
What are the prime factors of 65114?
2, 7, 4651
What are the prime factors of 199?
199
What are the prime factors of 18222?
2, 3, 3037
List the prime factors of 11801.
11801
What are the prime factors of 1456?
2, 7, 13
List the prime factors of 1082.
2, 541
What are the prime factors of 4955?
5, 991
List the prime factors of 785.
5, 157
List the prime factors of 38301.
3, 17, 751
What are the prime factors of 3871?
7, 79
List the prime factors of 22952.
2, 19, 151
List the prime factors of 121432.
2, 43, 353
List the prime factors of 2109.
3, 19, 37
List the prime factors of 88.
2, 11
List the prime factors of 3246.
2, 3, 541
List the prime factors of 9561.
3, 3187
List the prime factors of 2234.
2, 1117
List the prime factors of 36253.
7, 5179
What are the prime factors of 2365?
5, 11, 43
What are the prime factors of 2281?
2281
List the prime factors of 3062.
2, 1531
What are the prime factors of 12452?
2, 11, 283
List the prime factors of 34669.
37, 937
List the prime factors of 10860.
2, 3, 5, 181
List the prime factors of 1844.
2, 461
What are the prime factors of 1108?
2, 277
What are the prime factors of 270?
2, 3, 5
List the prime factors of 765.
3, 5, 17
List the prime factors of 1617.
3, 7, 11
List the prime factors of 6911.
6911
What are the prime factors of 51734?
2, 25867
List the prime factors of 10154.
2, 5077
List the prime factors of 22740.
2, 3, 5, 379
What are the prime factors of 2456?
2, 307
What are the prime factors of 335?
5, 67
What are the prime factors of 1135?
5, 227
List the prime factors of 11095.
5, 7, 317
List the prime factors of 5.
5
List the prime factors of 667.
23, 29
What are the prime factors of 1529?
11, 139
What are the prime factors of 103143?
3, 34381
What are the prime factors of 331?
331
What are the prime factors of 133?
7, 19
List the prime factors of 8197.
7, 1171
List the prime factors of 48072.
2, 3, 2003
What are the prime factors of 58985?
5, 47, 251
What are the prime factors of 9389?
41, 229
What are the prime factors of 33704?
2, 11, 383
What are the prime factors of 28241?
31, 911
List the prime factors of 272.
2, 17
List the prime factors of 6649.
61, 109
What are the prime factors of 1661?
11, 151
What are the prime factors of 2482?
2, 17, 73
List the prime factors of 2665.
5, 13, 41
What are the prime factors of 6396?
2, 3, 13, 41
List the prime factors of 51536.
2, 3221
What are the prime factors of 351?
3, 13
List the prime factors of 3714.
2, 3, 619
List the prime factors of 47102.
2, 11, 2141
What are the prime factors of 7286?
2, 3643
What are the prime factors of 60342?
2, 3, 89, 113
What are the prime factors of 36186?
2, 3, 37, 163
What are the prime factors of 810?
2, 3, 5
List the prime factors of 6781.
6781
What are the prime factors of 5676?
2, 3, 11, 43
What are the prime factors of 446?
2, 223
List the prime factors of 525.
3, 5, 7
List the prime factors of 1200.
2, 3, 5
List the prime factors of 403.
13, 31
What are the prime factors of 68065?
5, 13613
What are the prime factors of 151?
151
What are the prime factors of 982?
2, 491
List the prime factors of 3426.
2, 3, 571
What are the prime factors of 12661?
11, 1151
List the prime factors of 70021.
7, 1429
What are the prime factors of 953?
953
List the prime factors of 60371.
73, 827
List the prime factors of 11825.
5, 11, 43
What are the prime factors of 4697?
7, 11, 61
What are the prime factors of 3024?
2, 3, 7
List the prime factors of 11737.
11, 97
What are the prime factors of 3372?
2, 3, 281
What are the prime factors of 1685?
5, 337
List the prime factors of 488.
2, 61
List the prime factors of 7028.
2, 7, 251
List the prime factors of 6642.
2, 3, 41
What are the prime factors of 74694?
2, 3, 59, 211
What are the prime factors of 4115?
5, 823
List the prime factors of 449.
449
What are the prime factors of 33973?
53, 641
List the prime factors of 61635.
3, 5, 7, 587
What are the prime factors of 20149?
20149
List the prime factors of 8016.
2, 3, 167
List the prime factors of 4395.
3, 5, 293
What are the prime factors of 93603?
3, 41, 761
List the prime factors of 34953.
3, 61, 191
What are the prime factors of 16903?
16903
What are the prime factors of 4285?
5, 857
What are the prime factors of 37463?
37463
What are the prime factors of 816?
2, 3, 17
List the prime factors of 3846.
2, 3, 641
What are the prime factors of 1217?
1217
List the prime factors of 33351.
3, 11117
What are the prime factors of 6212?
2, 1553
List the prime factors of 32484.
2, 3, 2707
What are the prime factors of 809?
809
What are the prime factors of 1044?
2, 3, 29
List the prime factors of 1802.
2, 17, 53
List the prime factors of 14131.
13, 1087
List the prime factors of 8621.
37, 233
List the prime factors of 652.
2, 163
List the prime factors of 9934.
2, 4967
List the prime factors of 9794.
2, 59, 83
What are the prime factors of 47497?
47497
What are the prime factors of 8625?
3, 5, 23
What are the prime factors of 2259?
3, 251
List the prime factors of 779.
19, 41
What are the prime factors of 1433?
1433
List the prime factors of 1010.
2, 5, 101
List the prime factors of 43518.
2, 3, 7253
List the prime factors of 15869.
7, 2267
What are the prime factors of 1116?
2, 3, 31
What are the prime factors of 33050?
2, 5, 661
What are the prime factors of 1635?
3, 5, 109
What are the prime factors of 1433?
1433
What are the prime facto